{"id":36796,"date":"2022-02-10T18:25:39","date_gmt":"2022-02-10T18:25:39","guid":{"rendered":"https:\/\/salvacionistas.org\/plataformaeducativa\/?page_id=36796"},"modified":"2022-02-14T13:40:55","modified_gmt":"2022-02-14T13:40:55","slug":"curso-c-info-bold","status":"publish","type":"page","link":"https:\/\/salvacionistas.org\/plataformaeducativa\/curso-c-info-bold\/","title":{"rendered":"Curso C info BOLD"},"content":{"rendered":"<p>[et_pb_section fb_built=&#8221;1&#8243; _builder_version=&#8221;4.9.4&#8243; _module_preset=&#8221;default&#8221; use_background_color_gradient=&#8221;off&#8221; background_image=&#8221;https:\/\/salvacionistas.org\/plataformaeducativa\/wp-content\/uploads\/2020\/07\/4683-scaled.jpg&#8221; custom_padding=&#8221;120px|||||&#8221; global_colors_info=&#8221;{}&#8221;][et_pb_row column_structure=&#8221;1_2,1_2&#8243; _builder_version=&#8221;4.8.1&#8243; _module_preset=&#8221;default&#8221; custom_margin=&#8221;-56px|auto|-16px|auto||&#8221; animation_style=&#8221;fade&#8221; global_colors_info=&#8221;{}&#8221;][et_pb_column type=&#8221;1_2&#8243; _builder_version=&#8221;4.8.1&#8243; _module_preset=&#8221;default&#8221; global_colors_info=&#8221;{}&#8221;][et_pb_image src=&#8221;https:\/\/salvacionistas.org\/plataformaeducativa\/wp-content\/uploads\/2022\/02\/Portada-Curso-C-01.png&#8221; title_text=&#8221;Portada Curso C-01&#8243; force_fullwidth=&#8221;on&#8221; _builder_version=&#8221;4.14.7&#8243; _module_preset=&#8221;default&#8221; module_alignment=&#8221;center&#8221; custom_margin=&#8221;||17px|||&#8221; animation_style=&#8221;zoom&#8221; animation_direction=&#8221;left&#8221; global_colors_info=&#8221;{}&#8221;][\/et_pb_image][\/et_pb_column][et_pb_column type=&#8221;1_2&#8243; _builder_version=&#8221;4.8.1&#8243; _module_preset=&#8221;default&#8221; global_colors_info=&#8221;{}&#8221;][et_pb_tabs _builder_version=&#8221;4.14.7&#8243; _module_preset=&#8221;default&#8221; background_color=&#8221;rgba(255,255,255,0.61)&#8221; animation_style=&#8221;zoom&#8221; animation_direction=&#8221;right&#8221; global_colors_info=&#8221;{}&#8221;][et_pb_tab title=&#8221;Curso C&#8221; _builder_version=&#8221;4.14.7&#8243; _module_preset=&#8221;default&#8221; body_font=&#8221;Abel||||||||&#8221; body_font_size=&#8221;20px&#8221; tab_font=&#8221;Abel||||||||&#8221; tab_font_size=&#8221;18px&#8221; global_colors_info=&#8221;{}&#8221;]<\/p>\n<h4><span>Qu\u00e9 hay dentro del<\/span><\/h4>\n<h1><span>CURSO C<\/span><\/h1>\n<p>Mientras estudias <em><strong>Identidad<\/strong><\/em>, aprender\u00e1s que nuestra identidad viene del Dios trino. Ser\u00e1s introducido al igualitarismo y explorar\u00e1s la personalidad como parte de nuestra identidad. Hablar\u00e1s sobre vivir una identidad de santidad.<\/p>\n<p>Las lecciones de <strong><em>Resurrecci\u00f3n<\/em><\/strong> cubrir\u00e1n los reportes de la resurrecci\u00f3n de Jes\u00fas\u2014lo que distingue el cristianismo. Ser\u00e1s introducido a los\u00a0 Centros Kroc y Pathway of Hope, aprender\u00e1s sobre incluir a personas con discapacidades y vivir una vida de resurrecci\u00f3n.<\/p>\n<p>Las lecciones de la <em><strong>Iglesia<\/strong><\/em> dan un resumen sobre la iglesia, comenzando en Hechos. Explorar\u00e1s el Ej\u00e9rcito de Salvaci\u00f3n como parte del movimiento de santidad y ver\u00e1s el ejemplo del liderazgo de Jes\u00fas. Aprender\u00e1s sobre las distintas denominaciones.<\/p>\n<p>Las lecciones de <em><strong>Matrimonio<\/strong><\/em> explican el dise\u00f1o de Dios. Explorar\u00e1s colaboraci\u00f3n y sumisi\u00f3n mutua, c\u00f3mo prepararse para el matrimonio. Hablar\u00e1s sobre solter\u00eda, divorcio y matrimonio sin hijos.<\/p>\n<p>[\/et_pb_tab][et_pb_tab title=&#8221;Curriculum&#8221; _builder_version=&#8221;4.14.7&#8243; _module_preset=&#8221;default&#8221; tab_font=&#8221;Abel||||||||&#8221; tab_font_size=&#8221;18px&#8221; global_colors_info=&#8221;{}&#8221;]<\/p>\n<p><img loading=\"lazy\" decoding=\"async\" src=\"https:\/\/salvacionistas.org\/plataformaeducativa\/wp-content\/uploads\/2022\/02\/Contenido-Curso-C-03-386x600.png\" width=\"386\" height=\"600\" alt=\"\" class=\"wp-image-36807 aligncenter size-large\" \/><\/p>\n<p>[\/et_pb_tab][et_pb_tab title=&#8221;Maestros&#8221; _builder_version=&#8221;4.14.7&#8243; _module_preset=&#8221;default&#8221; body_font=&#8221;Abel||||||||&#8221; body_font_size=&#8221;20px&#8221; tab_font=&#8221;Abel||||||||&#8221; tab_font_size=&#8221;18px&#8221; global_colors_info=&#8221;{}&#8221;]<\/p>\n<p>BOLD se trata de ayudar a nuestros adolescentes a comprender y enamorarse de la Palabra de Dios a trav\u00e9s del estudio b\u00edblico; ense\u00f1\u00e1ndoles qui\u00e9nes somos, de d\u00f3nde venimos y c\u00f3mo encajamos en la imagen de la Iglesia en general a trav\u00e9s de Nuestra Herencia; capacitar a la pr\u00f3xima generaci\u00f3n con habilidades pr\u00e1cticas y conocimiento de buenos ejemplos hist\u00f3ricos y actuales a trav\u00e9s del liderazgo; y equiparlos para vivir su fe y una vida de santidad a trav\u00e9s del discipulado.<\/p>\n<p>En el Curso C, los cadetes locales cubrir\u00e1n los temas de <em>Identidad<\/em>, <em>Resurrecci\u00f3n<\/em>, <em>Iglesia<\/em> y <em>Matrimonio<\/em>. Si bien varios de estos temas se entretejen en todas las lecciones a lo largo de los cinco a\u00f1os de Cadetes Locales, adoptaremos un enfoque m\u00e1s directo al ense\u00f1ar estos conceptos en este curso.<\/p>\n<p>A medida que gu\u00eda a sus cadetes locales a trav\u00e9s de estos temas, es nuestro deseo que su pasi\u00f3n y enfoque influyan directamente en sus cadetes locales. Despu\u00e9s de todo, el material que proporcionamos son solo palabras en una p\u00e1gina o im\u00e1genes en una pantalla. Usted le da vida a esas palabras, con el poder del Esp\u00edritu Santo, mientras dirige y disc\u00edpula a los adolescentes de su cuerpo.<\/p>\n<p>[\/et_pb_tab][\/et_pb_tabs][\/et_pb_column][\/et_pb_row][et_pb_row column_structure=&#8221;1_2,1_2&#8243; _builder_version=&#8221;4.8.1&#8243; _module_preset=&#8221;default&#8221; global_colors_info=&#8221;{}&#8221;][et_pb_column type=&#8221;1_2&#8243; _builder_version=&#8221;4.8.1&#8243; _module_preset=&#8221;default&#8221; global_colors_info=&#8221;{}&#8221;][et_pb_button button_url=&#8221;@ET-DC@eyJkeW5hbWljIjp0cnVlLCJjb250ZW50IjoicG9zdF9saW5rX3VybF9zZndkLWxlc3NvbnMiLCJzZXR0aW5ncyI6eyJwb3N0X2lkIjoiMzY3NjEifX0=@&#8221; button_text=&#8221;Alumnos&#8221; button_alignment=&#8221;center&#8221; _builder_version=&#8221;4.14.7&#8243; _dynamic_attributes=&#8221;button_url&#8221; _module_preset=&#8221;default&#8221; custom_button=&#8221;on&#8221; button_text_size=&#8221;16px&#8221; button_text_color=&#8221;#FFFFFF&#8221; button_bg_use_color_gradient=&#8221;on&#8221; button_bg_color_gradient_start=&#8221;#000000&#8243; button_bg_color_gradient_end=&#8221;#545454&#8243; button_bg_color_gradient_direction=&#8221;360deg&#8221; button_bg_enable_image=&#8221;off&#8221; button_border_width=&#8221;0px&#8221; button_border_color=&#8221;#FFFFFF&#8221; button_border_radius=&#8221;15px&#8221; button_font=&#8221;||||||||&#8221; button_icon=&#8221;&#x45;||divi||400&#8243; button_icon_color=&#8221;#FFFFFF&#8221; custom_margin=&#8221;||41px|||&#8221; box_shadow_style=&#8221;preset2&#8243; global_colors_info=&#8221;{}&#8221;][\/et_pb_button][\/et_pb_column][et_pb_column type=&#8221;1_2&#8243; _builder_version=&#8221;4.8.1&#8243; _module_preset=&#8221;default&#8221; global_colors_info=&#8221;{}&#8221;][et_pb_button button_url=&#8221;https:\/\/salvacionistas.org\/plataformaeducativa\/lessons\/curso-c\/&#8221; button_text=&#8221;Maestros&#8221; button_alignment=&#8221;center&#8221; _builder_version=&#8221;4.14.7&#8243; _module_preset=&#8221;default&#8221; custom_button=&#8221;on&#8221; button_text_size=&#8221;16px&#8221; button_text_color=&#8221;#FFFFFF&#8221; button_bg_use_color_gradient=&#8221;on&#8221; button_bg_color_gradient_start=&#8221;#000000&#8243; button_bg_color_gradient_end=&#8221;#545454&#8243; button_bg_color_gradient_direction=&#8221;360deg&#8221; button_bg_enable_image=&#8221;off&#8221; button_border_width=&#8221;0px&#8221; button_border_color=&#8221;#FFFFFF&#8221; button_border_radius=&#8221;15px&#8221; button_font=&#8221;||||||||&#8221; button_icon=&#8221;&#x45;||divi||400&#8243; button_icon_color=&#8221;#FFFFFF&#8221; box_shadow_style=&#8221;preset2&#8243; global_colors_info=&#8221;{}&#8221;][\/et_pb_button][\/et_pb_column][\/et_pb_row][\/et_pb_section]<\/p>\n","protected":false},"excerpt":{"rendered":"<p>Qu\u00e9 hay dentro del CURSO C Mientras estudias Identidad, aprender\u00e1s que nuestra identidad viene del Dios trino. Ser\u00e1s introducido al igualitarismo y explorar\u00e1s la personalidad como parte de nuestra identidad. Hablar\u00e1s sobre vivir una identidad de santidad. Las lecciones de Resurrecci\u00f3n cubrir\u00e1n los reportes de la resurrecci\u00f3n de Jes\u00fas\u2014lo que distingue el cristianismo. Ser\u00e1s introducido [&hellip;]<\/p>\n","protected":false},"author":2,"featured_media":0,"parent":0,"menu_order":0,"comment_status":"closed","ping_status":"closed","template":"","meta":{"nf_dc_page":"","_et_pb_use_builder":"on","_et_pb_old_content":"","_et_gb_content_width":"","footnotes":""},"class_list":["post-36796","page","type-page","status-publish","hentry"],"_links":{"self":[{"href":"https:\/\/salvacionistas.org\/plataformaeducativa\/wp-json\/wp\/v2\/pages\/36796","targetHints":{"allow":["GET"]}}],"collection":[{"href":"https:\/\/salvacionistas.org\/plataformaeducativa\/wp-json\/wp\/v2\/pages"}],"about":[{"href":"https:\/\/salvacionistas.org\/plataformaeducativa\/wp-json\/wp\/v2\/types\/page"}],"author":[{"embeddable":true,"href":"https:\/\/salvacionistas.org\/plataformaeducativa\/wp-json\/wp\/v2\/users\/2"}],"replies":[{"embeddable":true,"href":"https:\/\/salvacionistas.org\/plataformaeducativa\/wp-json\/wp\/v2\/comments?post=36796"}],"version-history":[{"count":6,"href":"https:\/\/salvacionistas.org\/plataformaeducativa\/wp-json\/wp\/v2\/pages\/36796\/revisions"}],"predecessor-version":[{"id":36864,"href":"https:\/\/salvacionistas.org\/plataformaeducativa\/wp-json\/wp\/v2\/pages\/36796\/revisions\/36864"}],"wp:attachment":[{"href":"https:\/\/salvacionistas.org\/plataformaeducativa\/wp-json\/wp\/v2\/media?parent=36796"}],"curies":[{"name":"wp","href":"https:\/\/api.w.org\/{rel}","templated":true}]}}