{"id":32471,"date":"2021-04-26T15:59:25","date_gmt":"2021-04-26T15:59:25","guid":{"rendered":"https:\/\/salvacionistas.org\/plataformaeducativa\/?page_id=32471"},"modified":"2021-09-08T18:31:31","modified_gmt":"2021-09-08T18:31:31","slug":"curso-a-info-bold-central-santiago","status":"publish","type":"page","link":"https:\/\/salvacionistas.org\/plataformaeducativa\/curso-a-info-bold-central-santiago\/","title":{"rendered":"Curso A info Bold Central Santiago"},"content":{"rendered":"<p>[et_pb_section fb_built=&#8221;1&#8243; _builder_version=&#8221;4.9.4&#8243; _module_preset=&#8221;default&#8221; use_background_color_gradient=&#8221;off&#8221; background_image=&#8221;https:\/\/salvacionistas.org\/plataformaeducativa\/wp-content\/uploads\/2020\/07\/4683-scaled.jpg&#8221; custom_padding=&#8221;120px|||||&#8221; global_colors_info=&#8221;{}&#8221;][et_pb_row column_structure=&#8221;1_2,1_2&#8243; _builder_version=&#8221;4.8.1&#8243; _module_preset=&#8221;default&#8221; custom_margin=&#8221;-56px|auto|-16px|auto||&#8221; animation_style=&#8221;fade&#8221; global_colors_info=&#8221;{}&#8221;][et_pb_column type=&#8221;1_2&#8243; _builder_version=&#8221;4.8.1&#8243; _module_preset=&#8221;default&#8221; global_colors_info=&#8221;{}&#8221;][et_pb_image src=&#8221;https:\/\/salvacionistas.org\/plataformaeducativa\/wp-content\/uploads\/2020\/07\/Curso-A.png&#8221; title_text=&#8221;Curso A&#8221; force_fullwidth=&#8221;on&#8221; _builder_version=&#8221;4.8.1&#8243; _module_preset=&#8221;default&#8221; module_alignment=&#8221;center&#8221; custom_margin=&#8221;||17px|||&#8221; animation_style=&#8221;zoom&#8221; animation_direction=&#8221;left&#8221; global_colors_info=&#8221;{}&#8221;][\/et_pb_image][\/et_pb_column][et_pb_column type=&#8221;1_2&#8243; _builder_version=&#8221;4.8.1&#8243; _module_preset=&#8221;default&#8221; global_colors_info=&#8221;{}&#8221;][et_pb_tabs _builder_version=&#8221;4.9.0&#8243; _module_preset=&#8221;default&#8221; background_color=&#8221;rgba(255,255,255,0.61)&#8221; animation_style=&#8221;zoom&#8221; animation_direction=&#8221;right&#8221; global_colors_info=&#8221;{}&#8221;][et_pb_tab title=&#8221;Curso A&#8221; _builder_version=&#8221;4.9.0&#8243; _module_preset=&#8221;default&#8221; body_font=&#8221;Abel||||||||&#8221; body_font_size=&#8221;20px&#8221; tab_font=&#8221;Abel||||||||&#8221; tab_font_size=&#8221;18px&#8221; global_colors_info=&#8221;{}&#8221;]<\/p>\n<h4><span>Qu\u00e9 hay dentro del<\/span><\/h4>\n<h1><span>CURSO A<\/span><\/h1>\n<p><span>Mientras estudias el tema de <em><strong>V<\/strong><strong>erdad<\/strong><\/em>, aprender\u00e1s lo que es la verdad y lo que no es, el comienzo del Ej\u00e9rcito de Salvaci\u00f3n, C.S. Lewis y la habilidad pr\u00e1ctica de escritura creativa, y lo que significa decir lo que quieres decir y querer decir lo que dices.<\/span><\/p>\n<p><span><em><strong>Antiguo Testamento<\/strong><\/em> te dar\u00e1 un vistazo de la historia entera de Dios. Aprender\u00e1s sobre la vida de Daniel y Nehem\u00edas igual que John Wycliffe y William Tyndale. Tambi\u00e9n estudiar\u00e1s los Diez Mandamientos.<\/span><\/p>\n<p><span><em><strong>Nuevo Testamento<\/strong><\/em> provee un vistazo continuo de la historia de Dios. Aprender\u00e1s qu\u00e9 creemos seg\u00fan inspiraci\u00f3n de la Escritura, pasos b\u00e1sicos de estudio b\u00edblico y c\u00f3mo la Biblia nos da perspectiva.<\/span><\/p>\n<p><span>Las lecciones de <strong><em>Sabidur\u00eda<\/em><\/strong> te introducen a la literatura de sabidur\u00eda. Aprender\u00e1s sobre Tom Crocker, ARCs y Harbor Lights. Ver\u00e1s el ejemplo de Salom\u00f3n y c\u00f3mo el temor del Se\u00f1or nos ayuda a tomar buenas decisiones.<\/span><\/p>\n<p>[\/et_pb_tab][et_pb_tab title=&#8221;Curriculum&#8221; _builder_version=&#8221;4.9.0&#8243; _module_preset=&#8221;default&#8221; tab_font=&#8221;Abel||||||||&#8221; tab_font_size=&#8221;18px&#8221; global_colors_info=&#8221;{}&#8221;]<\/p>\n<h1><img loading=\"lazy\" decoding=\"async\" src=\"https:\/\/salvacionistas.org\/plataformaeducativa\/wp-content\/uploads\/2020\/07\/Curriculum_.jpg\" width=\"1344\" height=\"2190\" alt=\"\" class=\"wp-image-28260 aligncenter size-full\" srcset=\"https:\/\/salvacionistas.org\/plataformaeducativa\/wp-content\/uploads\/2020\/07\/Curriculum_.jpg 1344w, https:\/\/salvacionistas.org\/plataformaeducativa\/wp-content\/uploads\/2020\/07\/Curriculum_-1280x2086.jpg 1280w, https:\/\/salvacionistas.org\/plataformaeducativa\/wp-content\/uploads\/2020\/07\/Curriculum_-980x1597.jpg 980w, https:\/\/salvacionistas.org\/plataformaeducativa\/wp-content\/uploads\/2020\/07\/Curriculum_-480x782.jpg 480w\" sizes=\"(min-width: 0px) and (max-width: 480px) 480px, (min-width: 481px) and (max-width: 980px) 980px, (min-width: 981px) and (max-width: 1280px) 1280px, (min-width: 1281px) 1344px, 100vw\" \/><\/h1>\n<p>[\/et_pb_tab][et_pb_tab title=&#8221;Maestros&#8221; _builder_version=&#8221;4.9.0&#8243; _module_preset=&#8221;default&#8221; body_font=&#8221;Abel||||||||&#8221; body_font_size=&#8221;20px&#8221; tab_font=&#8221;Abel||||||||&#8221; tab_font_size=&#8221;18px&#8221; global_colors_info=&#8221;{}&#8221;]<\/p>\n<p><text class=\"_3ziulaHePS\" direction=\"ltr\" height=\"14.8499755859375\" lengthadjust=\"spacingAndGlyphs\" textlength=\"541.962146759033\" x=\"36.3520011901855\" y=\"-561.9091796875\" data-test=\"textbox\">El fundamento de BOLD\u00a0 se trata de ayudar a nuestros adolescentes a comprender\u00a0<\/text><text class=\"_3ziulaHePS\" direction=\"ltr\" height=\"14.8499755859375\" lengthadjust=\"spacingAndGlyphs\" textlength=\"542.129589080811\" x=\"36.1870002746582\" y=\"-548.709167480469\" data-test=\"textbox\">y enamorarse de la Palabra de Dios a trav\u00e9s del Estudio B\u00edblico; saber qui\u00e9nes somos, de d\u00f3nde venimos y c\u00f3mo\u00a0<\/text><text class=\"_3ziulaHePS\" direction=\"ltr\" height=\"14.8499755859375\" lengthadjust=\"spacingAndGlyphs\" textlength=\"541.873111724854\" x=\"36.439998626709\" y=\"-535.509155273438\" data-test=\"textbox\">encajamos en la imagen de la Iglesia m\u00e1s grande a trav\u00e9s de Nuestra Herencia; capacitar a la pr\u00f3xima generaci\u00f3n\u00a0<\/text><text class=\"_3ziulaHePS\" direction=\"ltr\" height=\"14.8499755859375\" lengthadjust=\"spacingAndGlyphs\" textlength=\"541.874210357666\" x=\"36.439998626709\" y=\"-522.309143066406\" data-test=\"textbox\">con habilidades pr\u00e1cticas y conocimiento de buenos ejemplos hist\u00f3ricos y modernos a trav\u00e9s del Liderazgo; y\u00a0<\/text><text class=\"_3ziulaHePS\" direction=\"ltr\" height=\"14.8500061035156\" lengthadjust=\"spacingAndGlyphs\" textlength=\"355.079654693604\" x=\"36.439998626709\" y=\"-509.109100341797\" data-test=\"textbox\">equiparlos para vivir su fe y una vida de santidad a trav\u00e9s del Discipulado.<\/text><\/p>\n<p><text class=\"_3ziulaHePS\" direction=\"ltr\" height=\"14.8499984741211\" lengthadjust=\"spacingAndGlyphs\" textlength=\"541.960865020752\" x=\"36.3520011901855\" y=\"-76.305061340332\" data-test=\"textbox\">Nuestros adolescentes no est\u00e1n aprendiendo sobre la mayor\u00eda de estas cosas en la escuela o de sus compa\u00f1eros.\u00a0<\/text><text class=\"_3ziulaHePS\" direction=\"ltr\" height=\"14.8500022888184\" lengthadjust=\"spacingAndGlyphs\" textlength=\"542.07092666626\" x=\"36.242000579834\" y=\"-63.1050453186035\" data-test=\"textbox\">Muchos, de hecho, tampoco escuchan estos conceptos en casa. Al guiar a los cadetes locales a trav\u00e9s de estos temas,\u00a0<text class=\"_3ziulaHePS\" direction=\"ltr\" height=\"14.8499755859375\" lengthadjust=\"spacingAndGlyphs\" textlength=\"541.872989654541\" x=\"36.439998626709\" y=\"-729.900024414062\" data-test=\"textbox\">es nuestro deseo que su pasi\u00f3n y enfoque influyan directamente en sus cadetes locales. Despu\u00e9s de todo, el material\u00a0<\/text><text class=\"_3ziulaHePS\" direction=\"ltr\" height=\"14.8499755859375\" lengthadjust=\"spacingAndGlyphs\" textlength=\"541.870548248291\" x=\"36.439998626709\" y=\"-716.700012207031\" data-test=\"textbox\">que proporcionamos es solo palabras en una p\u00e1gina o im\u00e1genes en una pantalla. Usted le da vida a esas palabras,\u00a0<\/text><text class=\"_3ziulaHePS\" direction=\"ltr\" height=\"14.8499755859375\" lengthadjust=\"spacingAndGlyphs\" textlength=\"429.934879302979\" x=\"36.439998626709\" y=\"-703.5\" data-test=\"textbox\">con el poder del Esp\u00edritu Santo, mientras lidera y disc\u00edpula a los adolescentes en su cuerpo.<\/text><\/text><\/p>\n<p>[\/et_pb_tab][\/et_pb_tabs][\/et_pb_column][\/et_pb_row][et_pb_row column_structure=&#8221;1_2,1_2&#8243; _builder_version=&#8221;4.8.1&#8243; _module_preset=&#8221;default&#8221; global_colors_info=&#8221;{}&#8221;][et_pb_column type=&#8221;1_2&#8243; _builder_version=&#8221;4.8.1&#8243; _module_preset=&#8221;default&#8221; global_colors_info=&#8221;{}&#8221;][et_pb_button button_url=&#8221;@ET-DC@eyJkeW5hbWljIjp0cnVlLCJjb250ZW50IjoicG9zdF9saW5rX3VybF9zZndkLWxlc3NvbnMiLCJzZXR0aW5ncyI6eyJwb3N0X2lkIjoiMzAzNjMifX0=@&#8221; button_text=&#8221;Alumnos&#8221; button_alignment=&#8221;center&#8221; _builder_version=&#8221;4.9.4&#8243; _dynamic_attributes=&#8221;button_url&#8221; _module_preset=&#8221;default&#8221; custom_button=&#8221;on&#8221; button_text_size=&#8221;16px&#8221; button_text_color=&#8221;#FFFFFF&#8221; button_bg_use_color_gradient=&#8221;on&#8221; button_bg_color_gradient_start=&#8221;#000000&#8243; button_bg_color_gradient_end=&#8221;#545454&#8243; button_bg_color_gradient_direction=&#8221;360deg&#8221; button_bg_enable_image=&#8221;off&#8221; button_border_width=&#8221;0px&#8221; button_border_color=&#8221;#FFFFFF&#8221; button_border_radius=&#8221;15px&#8221; button_font=&#8221;||||||||&#8221; button_icon=&#8221;%%36%%&#8221; button_icon_color=&#8221;#FFFFFF&#8221; custom_margin=&#8221;||41px|||&#8221; box_shadow_style=&#8221;preset2&#8243; global_colors_info=&#8221;{}&#8221;][\/et_pb_button][\/et_pb_column][et_pb_column type=&#8221;1_2&#8243; _builder_version=&#8221;4.8.1&#8243; _module_preset=&#8221;default&#8221; global_colors_info=&#8221;{}&#8221;][et_pb_button button_url=&#8221;https:\/\/salvacionistas.org\/plataformaeducativa\/lessons\/maestro-de-cadetes-locales\/&#8221; button_text=&#8221;Maestros&#8221; button_alignment=&#8221;center&#8221; _builder_version=&#8221;4.9.1&#8243; _module_preset=&#8221;default&#8221; custom_button=&#8221;on&#8221; button_text_size=&#8221;16px&#8221; button_text_color=&#8221;#FFFFFF&#8221; button_bg_use_color_gradient=&#8221;on&#8221; button_bg_color_gradient_start=&#8221;#000000&#8243; button_bg_color_gradient_end=&#8221;#545454&#8243; button_bg_color_gradient_direction=&#8221;360deg&#8221; button_bg_enable_image=&#8221;off&#8221; button_border_width=&#8221;0px&#8221; button_border_color=&#8221;#FFFFFF&#8221; button_border_radius=&#8221;15px&#8221; button_font=&#8221;||||||||&#8221; button_icon=&#8221;%%36%%&#8221; button_icon_color=&#8221;#FFFFFF&#8221; box_shadow_style=&#8221;preset2&#8243; global_colors_info=&#8221;{}&#8221;][\/et_pb_button][\/et_pb_column][\/et_pb_row][\/et_pb_section]<\/p>\n","protected":false},"excerpt":{"rendered":"<p>Qu\u00e9 hay dentro del CURSO A Mientras estudias el tema de Verdad, aprender\u00e1s lo que es la verdad y lo que no es, el comienzo del Ej\u00e9rcito de Salvaci\u00f3n, C.S. Lewis y la habilidad pr\u00e1ctica de escritura creativa, y lo que significa decir lo que quieres decir y querer decir lo que dices. Antiguo Testamento [&hellip;]<\/p>\n","protected":false},"author":2,"featured_media":0,"parent":0,"menu_order":0,"comment_status":"closed","ping_status":"closed","template":"","meta":{"nf_dc_page":"","_et_pb_use_builder":"on","_et_pb_old_content":"","_et_gb_content_width":"","footnotes":""},"class_list":["post-32471","page","type-page","status-publish","hentry"],"_links":{"self":[{"href":"https:\/\/salvacionistas.org\/plataformaeducativa\/wp-json\/wp\/v2\/pages\/32471","targetHints":{"allow":["GET"]}}],"collection":[{"href":"https:\/\/salvacionistas.org\/plataformaeducativa\/wp-json\/wp\/v2\/pages"}],"about":[{"href":"https:\/\/salvacionistas.org\/plataformaeducativa\/wp-json\/wp\/v2\/types\/page"}],"author":[{"embeddable":true,"href":"https:\/\/salvacionistas.org\/plataformaeducativa\/wp-json\/wp\/v2\/users\/2"}],"replies":[{"embeddable":true,"href":"https:\/\/salvacionistas.org\/plataformaeducativa\/wp-json\/wp\/v2\/comments?post=32471"}],"version-history":[{"count":3,"href":"https:\/\/salvacionistas.org\/plataformaeducativa\/wp-json\/wp\/v2\/pages\/32471\/revisions"}],"predecessor-version":[{"id":35740,"href":"https:\/\/salvacionistas.org\/plataformaeducativa\/wp-json\/wp\/v2\/pages\/32471\/revisions\/35740"}],"wp:attachment":[{"href":"https:\/\/salvacionistas.org\/plataformaeducativa\/wp-json\/wp\/v2\/media?parent=32471"}],"curies":[{"name":"wp","href":"https:\/\/api.w.org\/{rel}","templated":true}]}}